 = 1432 - 8168. What is the highest common factor of 234 and j?
26
Let k be (6 - (-336)/(-64))*112/6. Suppose -k*m + 4571 = 1603. Calculate the greatest common divisor of 53 and m.
53
Let v(n) = -3*n**3 - n. Let m be v(1). Let f = 16 + m. Suppose 0 = -21*q + 20*q, -360 = -6*o - 6*q + q. Calculate the greatest common factor of f and o.
12
Suppose -450 = -18*l + 12*l. Let j(p) = p**3 + 56*p**2 + 529*p + 15. Let i be j(-12). Calculate the highest common divisor of l and i.
3
Suppose -11*z + 1315 = -3855. Suppose 2*g = -3*g - 3*a + z, -157 = -2*g + 5*a. Suppose 2*m + 0*m = 14. Calculate the greatest common factor of g and m.
7
Let p = 14 + 66. Suppose 0 = 49*m - 48*m - 718. Let a = -686 + m. Calculate the greatest common divisor of a and p.
16
Let q(m) = 35*m - 2. Let u be q(2). Let g(l) = 355*l - 1031. Let k be g(3). What is the greatest common factor of k and u?
34
Suppose 0 = 4*k + k + 15, 5*f = k - 2. Let z be (2 - 36/30)/(f/(-5)). Calculate the highest common factor of z and 148.
4
Let a be (-2)/14 - (-16 - (-141200)/(-70)). Calculate the greatest common divisor of 535 and a.
107
Let h be (22/8)/(74/5920). Calculate the greatest common divisor of 715 and h.
55
Let z = -10433 + 10544. Calculate the greatest common factor of 37 and z.
37
Let l be (1326/85 + -16)/((-2)/255). What is the greatest common divisor of 1343 and l?
17
Let l = -10548 + 10908. What is the greatest common factor of l and 918?
18
Suppose 2*s + 4*x + 214 = 4*s, 5*s + 5*x = 490. Let k = 401 - s. What is the highest common divisor of k and 80?
20
Let a(z) = 8*z**3 - 45*z**2 + 141*z - 14. Let c be a(3). What is the greatest common divisor of 1485 and c?
55
Let o be 2*-43*(-3 - 51/6). Let w(a) = 5*a - 501 + o - 497. Let t be w(5). What is the highest common divisor of t and 48?
16
Let d(g) be the third derivative of g**4/6 + 40*g**3/3 - 15*g**2 - 3*g. Let u be d(-17). What is the greatest common divisor of u and 96?
12
Let o = -8 + 20. Let z = -20 + 19. Let g be (-5)/20 - ((-98)/(-8))/z. Calculate the greatest common divisor of g and o.
12
Let o = 11 + -7. Suppose 3*g - 66 = o*u + u, 3*g = -u + 84. Let s be g*(-2)/(-15) + 10/25. What is the greatest common factor of 36 and s?
4
Let d be 10472/408 + 3*4/9. Let f = -128 - -252. Suppose -119 - f = -3*h. What is the greatest common divisor of h and d?
27
Let h = 446 - 342. Let r = 0 + h. What is the highest common divisor of 8 and r?
8
Suppose -5*j + 5565 = 5*x, 27*j - 5*x - 2247 = 25*j. What is the highest common divisor of 24 and j?
12
Suppose -i - 1953 = 33*z - 34*z, -3*i - 9763 = -5*z. What is the highest common factor of 32 and z?
32
Let y be (1 - 0)*-30*-6. Suppose 0 = 3*a + 10 - 25. Suppose 60 = 2*h - 9*z + a*z, 2*z - 70 = -4*h. Calculate the greatest common factor of h and y.
20
Let r(h) = 265*h + 1858. Let c be r(-7). Let w = 14 + -5. Let d = w - 6. Calculate the highest common factor of c and d.
3
Let b be (80465/253)/11 - 10 - (-2)/23. Calculate the highest common divisor of 1691 and b.
19
Suppose 59*o = 16*o + 774. Calculate the greatest common divisor of 258 and o.
6
Suppose -60082 - 4499 = -33*a. Calculate the highest common divisor of 95 and a.
19
Suppose -168*d + 25371 = -8901. What is the greatest common divisor of d and 36?
12
Suppose -163*p + 31560 = 31322 - 61050. Calculate the greatest common divisor of 16 and p.
8
Suppose -266*x + 809667 = -153837 - 200246. Calculate the highest common factor of x and 175.
175
Suppose -16300 = -29*v + 6320. What is the highest common factor of 7215 and v?
195
Let n be (-12396)/(-18) + 2 + 40/(-15). What is the greatest common divisor of 64 and n?
16
Suppose -q - k + 3979 = 0, -50*k = -q - 48*k + 3973. Calculate the highest common factor of q and 205.
41
Let k be (-54)/(-6) - (-13923 - 90). What is the greatest common divisor of 342 and k?
342
Suppose 3*n + 5*r = r + 60, 0 = -2*n - 5*r + 47. Suppose -3*s = -0*s - 4*b - n, s - 5 = b. Suppose 0 = -s*o + 8. What is the highest common divisor of 34 and o?
2
Let j = 91 + -62. Let p be (841/(-2))/(-29)*10. Calculate the greatest common divisor of j and p.
29
Let u be 25/(1892/(-316) + 6). What is the greatest common factor of 25 and u?
25
Let x be 3 + 1/(1/(-2)) - 1. Let z be 3 + x + (2 - (-12 + -2)). Suppose -7*k + z*k = 192. Calculate the highest common divisor of k and 8.
8
Suppose -4*m = 5*t - 45, m - 4*t = -11 - 4. Suppose m*d + 169 = 3*u - 720, -2*u + 5*d + 601 = 0. Calculate the highest common divisor of 32 and u.
32
Let g be 138/(-414) + 1486/3. Calculate the greatest common factor of 90 and g.
45
Suppose 32 = 2*l + 4*r, 5*l - 13 = -5*r + 42. Suppose q - 245 = -3*x, -15 = 3*q - l*q. What is the highest common divisor of 72 and x?
8
Let r be 1596/(-70)*-5 + -2. What is the highest common factor of r and 392?
56
Let y(f) = -50*f + 4025. Let t be y(72). What is the highest common divisor of t and 1207?
17
Suppose 15*m + 1388 = 19*m. Let y = m + -248. Calculate the highest common divisor of 44 and y.
11
Suppose -5*n - s = -2*s - 31, 10 = n - 4*s. Let p be (6 - 5)/((-2)/n). Let i be p/(-2)*56/6. What is the highest common divisor of i and 126?
14
Let n = 222 - 104. Suppose -n - 26 = -5*r + c, -5*c = 5*r - 120. What is the highest common divisor of r and 6?
2
Let x = -19 + 21. Suppose -4*f - 2*r = -3*f - 46, -100 = -x*f + 4*r. Let b be 4/(-32) - 98/(-16). What is the highest common divisor of f and b?
6
Let i = 673 - 713. Let p(s) = s**3 + 39*s**2 - 39*s + 88. Let w be p(i). Calculate the highest common factor of 32 and w.
16
Suppose c - 16088 - 6492 = -c. Calculate the highest common factor of 10 and c.
10
Let v(x) = 2*x - 23. Let d be v(5). Let g(y) = 4*y**2 + 34*y - 33. Let t be g(d). Calculate the greatest common divisor of 536 and t.
67
Let d(y) = 3*y**2 - 364*y - 2957. Let j be d(129). Suppose -2*h = p - 314, -h + 614 = 2*p - 4*h. Calculate the highest common factor of j and p.
10
Let w be (52/(-39))/(((-80)/918)/10). Calculate the greatest common divisor of w and 423.
9
Let t = -63 + 73. Let d(s) = -11*s**3 - 7*s + 14*s**2 - 5*s**2 + t*s**3 - 6. Let m be d(8). Calculate the highest common divisor of m and 6.
2
Suppose 2*o - 26 = -3*i + 40, 6*i = -3*o + 99. What is the highest common divisor of 42 and o?
3
Suppose -k - 25 = -l + 4*k, 5*l - 97 = -3*k. Let z be (-364)/10 + (-36)/(-90). Let s = z + 56. What is the highest common divisor of l and s?
20
Let z = -234 + 330. Suppose 9*a + z = 17*a. Calculate the highest common divisor of 12 and a.
12
Let v be -3 + 1032/27 + (-2)/9. Calculate the greatest common factor of 170 and v.
5
Let f = -10 - -12. Suppose 4*h - 9*h + 83 = f*d, 0 = -3*h - 3*d + 57. Suppose 200 = 2*c - 70. Calculate the highest common divisor of c and h.
15
Let h(m) = m + 26. Let q be h(-7). Suppose -4*v + 717 = -q. Suppose -v = 11*d - 899. What is the highest common factor of d and 13?
13
Suppose 3*c = -3*v + 1404, 3*v + 0*v = 3*c + 1446. What is the greatest common factor of 1520 and v?
95
Let g be 870/(-9)*378/(-90). Calculate the greatest common factor of 56 and g.
14
Let y be (374/(-44) - 16/(-2))*-38. What is the highest common divisor of 5833 and y?
19
Suppose u + s - 2111 = 0, -4*u - s + 9237 = 796. Calculate the highest common divisor of u and 25.
5
Let j be -2*((-10910)/20 - 8/(-2)). Let f = j - 1062. Calculate the greatest common divisor of 3 and f.
3
Suppose -3*j + 1554 = 5*m, -4*j - 1367 = -3*m - 423. Calculate the greatest common divisor of 96 and m.
24
Suppose 2*v + 80 + 48 = 0. Let h be 4/(5/(705/(-6))). Let i = v - h. Calculate the greatest common factor of i and 75.
15
Let b(r) = 304*r**2 + 146*r + 438. Let f be b(-3). Calculate the greatest common divisor of 1482 and f.
114
Suppose -3*l + 2*j - 11 = 7*j, 0 = 2*l - j - 10. Suppose 6*f = 7*f - l*c - 86, -5*f - 2*c = -464. What is the highest common divisor of 4 and f?
4
Let f(v) = 2*v - 13. Let w(n) = 5*n - 26. Let h(x) = 9*f(x) - 4*w(x). Let l be h(-10). Suppose -4*d + l*d = 84. Calculate the highest common factor of d and 28.
28
Let c(t) = 3*t**2 - 14*t - 65. Let a(p) = 9*p - 268. Let o be a(31). Let g be c(o). Calculate the greatest common factor of 480 and g.
48
Let k(y) = -309*y - 1522. Let c be k(-10). What is the greatest common divisor of 144 and c?
16
Let s be 606/9 - (-3)/(-9). Let n be ((-40*8)/(-5))/2. Let z = s - n. Calculate th